{"id":7167,"date":"2024-07-28T09:07:52","date_gmt":"2024-07-28T09:07:52","guid":{"rendered":"https:\/\/deutscher-schifffahrtstag.de\/index.php\/events\/fachkonferenz-zum-thema-maritime-sicherheit\/"},"modified":"2025-04-30T11:04:50","modified_gmt":"2025-04-30T09:04:50","slug":"fachkonferenz-zum-thema-maritime-sicherheit","status":"publish","type":"mec-events","link":"https:\/\/deutscher-schifffahrtstag.de\/index.php\/events\/fachkonferenz-zum-thema-maritime-sicherheit\/","title":{"rendered":"Fachkonferenz zum Thema &#8222;Maritime Sicherheit&#8220;"},"content":{"rendered":"<p>10:00 Uhr\u00a0Begr\u00fc\u00dfung<\/p>\n<p>Heinz Maurus, Staatssekret\u00e4r a.D., Pr\u00e4sident DMB<\/p>\n<p>&nbsp;<\/p>\n<p>Impulsreferat: \u201eGlobale geostrategische Herausforderungen und Auswirkungen auf die (maritime) Sicherheit Europas\u201c<\/p>\n<p>Dr. Christoph von Marschall, diplomatischer Korrespondent der Chefredaktion, Tagesspiegel Berlin<\/p>\n<p>&nbsp;<\/p>\n<p>Panel: \u201eMaritime Zeitenwende\/Kurs Kriegst\u00fcchtigkeit und Schutz der Seewege\u201c<\/p>\n<p>&#8211; Kapit\u00e4n zur See Sven Beck, Kommandeur der Einsatzflottille 2<\/p>\n<p>&#8211; Irina Haesler, VDR<\/p>\n<p>&#8211; Dr. Christoph von Marschall, diplomatischer Korrespondent der Chefredaktion, Tagesspiegel Berlin<\/p>\n<p>Moderation: Dr. habil. Patricia Schneider, Political Advisor (POLAD) f\u00fcr den Inspekteur der Marine<\/p>\n<p>&nbsp;<\/p>\n<p>12:15 Uhr bis 13:00 Uhr Mittagspause<\/p>\n<p>&nbsp;<\/p>\n<p>Panel: \u201eSicherheit in Nord- und Ostsee und der Schutz maritimer kritischer Infrastruktur\u201c<\/p>\n<p>&#8211; Dr. Liliane Rossbach, BMDV<\/p>\n<p>&#8211; Dr.-Ing. habil. Frank Sill Torres, Institut f\u00fcr den Schutz maritimer Infrastrukturen bei der DLR<\/p>\n<p>&#8211; Kapit\u00e4n zur See Matthias Seipel, MOC Gl\u00fccksburg<\/p>\n<p>&#8211; Polizeidirektor Matthias Notbohm, Leiter Direktionsbereich See, Bundespolizei See<\/p>\n<p>&#8211; Dr. Robby Renner, Leiter Havariekommando<\/p>\n<p>Moderation: Patrick O\u2018Keefe (COECSW-Vertreter)<\/p>\n<p>&nbsp;<\/p>\n<p>Schlusswort<\/p>\n<p>Dr. Gaby Bornheim, Pr\u00e4sidentin VDR<\/p>\n<p>&nbsp;<\/p>\n<p>Ende der Veranstaltung voraussichtlich gegen 15:00 Uhr<\/p>\n<p>&nbsp;<\/p>\n<p><strong>Die Veranstaltung ist ausgebucht !<\/strong><\/p>\n<p>Download des Veranstaltungsflyers: <a href=\"https:\/\/deutscher-schifffahrtstag.de\/wp-content\/uploads\/2025\/04\/Einladung_DST_2025_Hamburg_A4-scaled.jpg\">Hier<\/a><\/p>\n","protected":false},"excerpt":{"rendered":"<p>10:00 Uhr\u00a0Begr\u00fc\u00dfung Heinz Maurus, Staatssekret\u00e4r a.D., Pr\u00e4sident DMB &nbsp; Impulsreferat: \u201eGlobale geostrategische Herausforderungen und Auswirkungen auf die (maritime) Sicherheit Europas\u201c Dr. Christoph von Marschall, diplomatischer Korrespondent der Chefredaktion, Tagesspiegel Berlin &nbsp; Panel: \u201eMaritime Zeitenwende\/Kurs Kriegst\u00fcchtigkeit und Schutz der Seewege\u201c &#8211; Kapit\u00e4n zur See Sven Beck, Kommandeur der Einsatzflottille 2 &#8211; Irina Haesler, VDR &#8211; Dr. [&hellip;]<\/p>\n","protected":false},"author":5,"featured_media":7160,"comment_status":"closed","ping_status":"closed","template":"","tags":[],"mec_category":[25],"class_list":["post-7167","mec-events","type-mec-events","status-publish","has-post-thumbnail","hentry","mec_category-fachveranstaltung"],"_links":{"self":[{"href":"https:\/\/deutscher-schifffahrtstag.de\/index.php\/wp-json\/wp\/v2\/mec-events\/7167","targetHints":{"allow":["GET"]}}],"collection":[{"href":"https:\/\/deutscher-schifffahrtstag.de\/index.php\/wp-json\/wp\/v2\/mec-events"}],"about":[{"href":"https:\/\/deutscher-schifffahrtstag.de\/index.php\/wp-json\/wp\/v2\/types\/mec-events"}],"author":[{"embeddable":true,"href":"https:\/\/deutscher-schifffahrtstag.de\/index.php\/wp-json\/wp\/v2\/users\/5"}],"replies":[{"embeddable":true,"href":"https:\/\/deutscher-schifffahrtstag.de\/index.php\/wp-json\/wp\/v2\/comments?post=7167"}],"wp:featuredmedia":[{"embeddable":true,"href":"https:\/\/deutscher-schifffahrtstag.de\/index.php\/wp-json\/wp\/v2\/media\/7160"}],"wp:attachment":[{"href":"https:\/\/deutscher-schifffahrtstag.de\/index.php\/wp-json\/wp\/v2\/media?parent=7167"}],"wp:term":[{"taxonomy":"post_tag","embeddable":true,"href":"https:\/\/deutscher-schifffahrtstag.de\/index.php\/wp-json\/wp\/v2\/tags?post=7167"},{"taxonomy":"mec_category","embeddable":true,"href":"https:\/\/deutscher-schifffahrtstag.de\/index.php\/wp-json\/wp\/v2\/mec_category?post=7167"}],"curies":[{"name":"wp","href":"https:\/\/api.w.org\/{rel}","templated":true}]}}

<p>10:00 Uhr Begrüßung</p>
<p>Heinz Maurus, Staatssekretär a.D., Präsident DMB</p>
<p>&nbsp;</p>
<p>Impulsreferat: „Globale geostrategische Herausforderungen und Auswirkungen auf die (maritime) Sicherheit Europas“</p>
<p>Dr. Christoph von Marschall, diplomatischer Korrespondent der Chefredaktion, Tagesspiegel Berlin</p>
<p>&nbsp;</p>
<p>Panel: „Maritime Zeitenwende/Kurs Kriegstüchtigkeit und Schutz der Seewege“</p>
<p>&#8211; Kapitän zur See Sven Beck, Kommandeur der Einsatzflottille 2</p>
<p>&#8211; Irina Haesler, VDR</p>
<p>&#8211; Dr. Christoph von Marschall, diplomatischer Korrespondent der Chefredaktion, Tagesspiegel Berlin</p>
<p>Moderation: Dr. habil. Patricia Schneider, Political Advisor (POLAD) für den Inspekteur der Marine</p>
<p>&nbsp;</p>
<p>12:15 Uhr bis 13:00 Uhr Mittagspause</p>
<p>&nbsp;</p>
<p>Panel: „Sicherheit in Nord- und Ostsee und der Schutz maritimer kritischer Infrastruktur“</p>
<p>&#8211; Dr. Liliane Rossbach, BMDV</p>
<p>&#8211; Dr.-Ing. habil. Frank Sill Torres, Institut für den Schutz maritimer Infrastrukturen bei der DLR</p>
<p>&#8211; Kapitän zur See Matthias Seipel, MOC Glücksburg</p>
<p>&#8211; Polizeidirektor Matthias Notbohm, Leiter Direktionsbereich See, Bundespolizei See</p>
<p>&#8211; Dr. Robby Renner, Leiter Havariekommando</p>
<p>Moderation: Patrick O‘Keefe (COECSW-Vertreter)</p>
<p>&nbsp;</p>
<p>Schlusswort</p>
<p>Dr. Gaby Bornheim, Präsidentin VDR</p>
<p>&nbsp;</p>
<p>Ende der Veranstaltung voraussichtlich gegen 15:00 Uhr</p>
<p>&nbsp;</p>
<p><strong>Die Veranstaltung ist ausgebucht !</strong></p>
<p>Download des Veranstaltungsflyers: <a href="https://deutscher-schifffahrtstag.de/wp-content/uploads/2025/04/Einladung_DST_2025_Hamburg_A4-scaled.jpg">Hier</a></p>

<p>10:00 Uhr Begrüßung Heinz Maurus, Staatssekretär a.D., Präsident DMB &nbsp; Impulsreferat: „Globale geostrategische Herausforderungen und Auswirkungen auf die (maritime) Sicherheit Europas“ Dr. Christoph von Marschall, diplomatischer Korrespondent der Chefredaktion, Tagesspiegel Berlin &nbsp; Panel: „Maritime Zeitenwende/Kurs Kriegstüchtigkeit und Schutz der Seewege“ &#8211; Kapitän zur See Sven Beck, Kommandeur der Einsatzflottille 2 &#8211; Irina Haesler, VDR &#8211; Dr. [&hellip;]</p>
